{"id":1920,"date":"2021-01-10T15:12:52","date_gmt":"2021-01-10T15:12:52","guid":{"rendered":"http:\/\/ap-vf-lmo.ch\/wordpress\/?page_id=1920"},"modified":"2021-02-14T18:45:34","modified_gmt":"2021-02-14T18:45:34","slug":"lmo-master-4-schadel-und-vestibulares-system","status":"publish","type":"page","link":"http:\/\/ap-vf-lmo.ch\/wordpress\/?page_id=1920&lang=de","title":{"rendered":"LMO Master 4: Sch\u00e4del und vestibul\u00e4res System"},"content":{"rendered":"\n<p><strong>Daten:&nbsp;<\/strong>03. &#8211; 05. September 2021<\/p>\n\n\n\n<p><strong>Zeiten:<\/strong><\/p>\n\n\n\n<ul><li>Morgens &nbsp; &nbsp; &nbsp; &nbsp; 08.45&nbsp; &#8211;&nbsp; 12.15<\/li><li>Nachmittags&nbsp; 13.30&nbsp; &#8211;&nbsp; 17.30<\/li><\/ul>\n\n\n\n<p><strong>Attestierte Weiterbildungsstunden: <\/strong>22.5 h Kat. A<\/p>\n\n\n\n<p><strong>Preise:<\/strong><\/p>\n\n\n\n<p>650 CHF \/ 3 Tage: Mitglieder LMO Vereine\u00a0<br>700 CHF \/ 3 Tage: Nichtmitglieder<br>450 CHF \/ 3 Tage: Studenten und angestellte Osteopathen im CH-Anerkennungsverfahren, ebenso Mitglieder LMOE<\/p>\n\n\n\n<p><strong>Kursort: <\/strong>Bern\/K\u00f6niz<\/p>\n\n\n\n<p><a href=\"https:\/\/ap-vf-lmo.ch\/wordpress\/?page_id=1089&amp;lang=de\">Sela-Zentrum, Gartenstadtstrasse 7, 3098 K\u00f6niz<\/a><\/p>\n\n\n\n<p><strong>Dozent:<\/strong><\/p>\n\n\n\n<div class=\"wp-block-image\"><figure class=\"alignleft\"><img src=\"http:\/\/ap-vf-lmo.ch\/wordpress\/wp-content\/uploads\/2016\/01\/Eric-Prat.jpg\" alt=\"\"\/><\/figure><\/div>\n\n\n\n<p><strong>Eric Prat, Osteopath DO<\/strong>, Absolvent der A. T. Still-Akademie, Frankreich, 1987&nbsp;(major national), Mitglied des Registre des Ost\u00e9opathes de France (ROF)&nbsp;und der Acad\u00e9mie d\u2019ost\u00e9opathie fran\u00e7aise. Er ist Dozent und verantwortlich f\u00fcr Kurse in zahlreichen L\u00e4ndern (USA, Russland, Deutschland, Japan, Kanada, Italien) und Mitautor der B\u00fccher:<br><br><br><\/p>\n\n\n\n<ul><li><em>Le Lien M\u00e9canique Ost\u00e9opathique; th\u00e9orie et pratique &#8211; Editions Sully 2003 (ins Englische und Japanische \u00fcbersetzt)<\/em><\/li><li><em>Le lien M\u00e9canique Ost\u00e9opathique : art\u00e8res et syst\u00e8me neuro-v\u00e9g\u00e9tatif, \u00c9ditions Sully: 2009 (zweisprachiges Werk Franz\u00f6sisch &#8211; Englisch)<\/em><\/li><li><em>Le Lien M\u00e9canique Ost\u00e9opathique : l\u00e9sions ost\u00e9opathiques de l&rsquo;os, \u00c9ditions Sully: 2012&nbsp;<\/em><\/li><li><em>Le Lien M\u00e9canique Ost\u00e9opathique : points cl\u00e9s du syst\u00e8me nerveux p\u00e9riph\u00e9rique, \u00c9ditions Sully: 2017&nbsp;<\/em><\/li><\/ul>\n\n\n\n<p><strong>Voraussetzung zur Zulassung: Teilnahme an den Basiskursen LMO 1 (Grundkurs) und LMO 3 (Sch\u00e4del)<\/strong><\/p>\n\n\n\n<h6><strong>Ziele:<\/strong><\/h6>\n\n\n\n<p>Die Gesamtuntersuchung des Sch\u00e4dels mit neuen Tests und ihren klinischen Anwendungen wiederholen und vervollst\u00e4ndigen.<\/p>\n\n\n\n<p>Pr\u00e4sentation von besonderen kraniometrischen Punkten und deren Verbindungen. Der geheime kraniometrische Punkt.<\/p>\n\n\n\n<p>Kombinierte Korrekturen der verschiedenen Fixierungen des Sch\u00e4dels.<\/p>\n\n\n\n<h6><strong>Praktischer Teil:<\/strong><\/h6>\n\n\n\n<p>Basistests der Kraftlinien des Sch\u00e4dels und neue Tests (das artikul\u00e4re Parallelogramm der Sch\u00e4delbasis).<\/p>\n\n\n\n<p>Sch\u00e4deltests und neue Tests: Spina nasalis, Processus mastoideus und Pars petrosa, Os tympani, Crista supramastoidea, Ohren, Kraftlinie Obelion-Inion, Kraftlinie des Arcus parietooccipitale posterior.<\/p>\n\n\n\n<p>Neue Tests f\u00fcr den kraniozervikalen \u00dcbergang.<\/p>\n\n\n\n<p>Spezifische Vorgehensweise f\u00fcr den neugeborenen Sch\u00e4del.<\/p>\n\n\n\n<p>Test und spezifische Behandlung des Lagerungsschwindels.<\/p>\n\n\n\n<h6><strong>Klinische Anwendung:&nbsp;<\/strong><\/h6>\n\n\n\n<p>Der Sch\u00e4del des Neugeborenen: angeborener Torticollis, Plagiozephalie, usw.&nbsp;<\/p>\n\n\n\n<p>Das vestibul\u00e4re Gleichgewicht, die K\u00f6rperfehlstatik und die Skoliose.<\/p>\n\n\n\n<p>Schwindel und Tinnitus.<\/p>\n\n\n\n<h6><strong>Programm:<\/strong><\/h6>\n\n\n\n<p><strong>1. Tag&nbsp;<\/strong><\/p>\n\n\n\n<p><strong>Morgen<\/strong>&nbsp;<\/p>\n\n\n\n<p><strong>Untersuchung des Sch\u00e4dels (1):&nbsp;<\/strong>Neue kraniometrische Punkte und praktische Revision der Tests der Kraftlinien des Sch\u00e4dels (Sch\u00e4delaufbau).<\/p>\n\n\n\n<p><strong>Nachmittag<\/strong><\/p>\n\n\n\n<p><strong>Untersuchung des Sch\u00e4dels (2):&nbsp;<\/strong>Revision und Praxis der Basistests des Sch\u00e4dels (die 3 Etagen und die reziproke Spannungsmembran) und Integration von neuen Tests (Sinus venosus, foramen magnum, Squama occipitale intraoss\u00e4r, occipito-odontoidale Verkn\u00fcpfung).<\/p>\n\n\n\n<p>Klinische Anwendung: Sch\u00e4del des Neugeborenen, Posturologie, Sch\u00e4deltrauma, Kopfschmerzen, usw.&nbsp;<\/p>\n\n\n\n<p><strong>2. Tag&nbsp;<\/strong><\/p>\n\n\n\n<p><strong>Morgen<\/strong>&nbsp;<\/p>\n\n\n\n<p><strong>Untersuchung des Sch\u00e4dels (3):&nbsp;<\/strong>Revision und Praxis der Basistests des Sch\u00e4dels (TMG und Z\u00e4hne) und Integration von neuen Tests (anteriore Spina nasalis und Vomer, Processus mastoideus und Pars petrosa, Os tympani, Crista supramastoidea).<\/p>\n\n\n\n<p>Hallpike Test und Epley Man\u00f6ver.<\/p>\n\n\n\n<p>Klinische Anwendung: Posturologie, Skoliose, Schwindel, Tinnitus, Bruxismus (Z\u00e4hneknirschen), usw.<\/p>\n\n\n\n<p><strong>Nachmittag<\/strong>&nbsp;<\/p>\n\n\n\n<p><strong>Untersuchung des Sch\u00e4dels (4):&nbsp;<\/strong>Revision und Praxis der Basistests des Sch\u00e4dels (Gesichtssch\u00e4del und dessen Hohlr\u00e4ume, Suturen des Sch\u00e4dels) und Integration von neuen Tests (Sphenoideum).<\/p>\n\n\n\n<p>Klinische Anwendung: Gesichtstraumatologie, Rhinitis, Sinusitis, verstopfter Canalis lacrimalis, Kopfschmerzen, usw.<\/p>\n\n\n\n<p><strong>3. Tag<\/strong><\/p>\n\n\n\n<p><strong>Morgen<\/strong>&nbsp;<\/p>\n\n\n\n<p><strong>Untersuchung des Sch\u00e4dels (5):&nbsp;<\/strong>Revision und Praxis der Basistests des kranio-zervikalen \u00dcbergangs und Integration von neuen Tests (Kraftlinie Obelion-Inion, Kraftlinie Arcus occipitalis posterior und Sutura occipito-mastoidea, Diastasis C0-C1).<\/p>\n\n\n\n<p><strong>Nachmittag<\/strong>&nbsp;<\/p>\n\n\n\n<p>Praktische Revision der LMO-Tests am&nbsp;<strong>Sch\u00e4del des Neugeborenen.<\/strong><\/p>\n\n\n\n<p>    <\/p>\n\n\n\n<p><strong>Anmeldung:<\/strong> (Mit der Anmeldung erkl\u00e4ren Sie sich einverstanden mit unserem <a href=\"https:\/\/ap-vf-lmo.ch\/wordpress\/?page_id=1751&amp;lang=de\">COVID-19 Schutzkonzept<\/a>)<\/p>\n\n\n<div id=\"vfb-form-65\" class=\"visual-form-builder-container\"><form id=\"lmo-master-4-schaedel-und-vestibulaeres-system-sept-21-65\" class=\"visual-form-builder vfb-form-65 \" method=\"post\" enctype=\"multipart\/form-data\">\n\t\t\t<input type=\"hidden\" name=\"form_id\" value=\"65\" \/><fieldset class=\"vfb-fieldset vfb-fieldset-1 lmo-master-4-schaedel-und-vestibulaeres-system-sept-21 \" id=\"item-vfb-837\"><div class=\"vfb-legend\"><h3>LMO Master 4: Sch\u00e4del und vestibul\u00e4res System Sept. 21<\/h3><\/div><ul class=\"vfb-section vfb-section-1\"><li class=\"vfb-item vfb-item-text  \" id=\"item-vfb-838\"><label for=\"vfb-838\" class=\"vfb-desc\">Name  <span class=\"vfb-required-asterisk\">*<\/span><\/label><input type=\"text\" name=\"vfb-838\" id=\"vfb-838\" value=\"\" class=\"vfb-text  vfb-medium  required  \" \/><\/li><li class=\"vfb-item vfb-item-text  \" id=\"item-vfb-839\"><label for=\"vfb-839\" class=\"vfb-desc\">Vorname  <span class=\"vfb-required-asterisk\">*<\/span><\/label><input type=\"text\" name=\"vfb-839\" id=\"vfb-839\" value=\"\" class=\"vfb-text  vfb-medium  required  \" \/><\/li><li class=\"vfb-item vfb-item-email  \" id=\"item-vfb-841\"><label for=\"vfb-841\" class=\"vfb-desc\">Email  <span class=\"vfb-required-asterisk\">*<\/span><\/label><input type=\"email\" name=\"vfb-841\" id=\"vfb-841\" value=\"\" class=\"vfb-text  vfb-medium  required  email \" \/><\/li><li class=\"vfb-item vfb-item-text  \" id=\"item-vfb-840\"><label for=\"vfb-840\" class=\"vfb-desc\">Strasse  <span class=\"vfb-required-asterisk\">*<\/span><\/label><input type=\"text\" name=\"vfb-840\" id=\"vfb-840\" value=\"\" class=\"vfb-text  vfb-medium  required  \" \/><\/li><li class=\"vfb-item vfb-item-text  \" id=\"item-vfb-842\"><label for=\"vfb-842\" class=\"vfb-desc\">Hausnummer  <span class=\"vfb-required-asterisk\">*<\/span><\/label><input type=\"text\" name=\"vfb-842\" id=\"vfb-842\" value=\"\" class=\"vfb-text  vfb-medium  required  \" \/><\/li><li class=\"vfb-item vfb-item-text  \" id=\"item-vfb-843\"><label for=\"vfb-843\" class=\"vfb-desc\">Postleitzahl  <span class=\"vfb-required-asterisk\">*<\/span><\/label><input type=\"text\" name=\"vfb-843\" id=\"vfb-843\" value=\"\" class=\"vfb-text  vfb-medium  required  \" \/><\/li><li class=\"vfb-item vfb-item-text  \" id=\"item-vfb-844\"><label for=\"vfb-844\" class=\"vfb-desc\">Ort  <span class=\"vfb-required-asterisk\">*<\/span><\/label><input type=\"text\" name=\"vfb-844\" id=\"vfb-844\" value=\"\" class=\"vfb-text  vfb-medium  required  \" \/><\/li><li class=\"vfb-item vfb-item-text  \" id=\"item-vfb-845\"><label for=\"vfb-845\" class=\"vfb-desc\">Land  <span class=\"vfb-required-asterisk\">*<\/span><\/label><input type=\"text\" name=\"vfb-845\" id=\"vfb-845\" value=\"\" class=\"vfb-text  vfb-medium  required  \" \/><\/li><li class=\"vfb-item vfb-item-text  \" id=\"item-vfb-846\"><label for=\"vfb-846\" class=\"vfb-desc\">Teilnahme an LMO 1 und LMO 3  ja\/nein <\/label><input type=\"text\" name=\"vfb-846\" id=\"vfb-846\" value=\"\" class=\"vfb-text  vfb-medium   \" \/><\/li><\/ul>&nbsp;<\/fieldset><fieldset class=\"vfb-fieldset vfb-fieldset-2 kommentar \" id=\"item-vfb-834\" style=\"display:block\"><div class=\"vfb-legend\"><h3>Kommentar<\/h3><\/div><ul class=\"vfb-section vfb-section-2\"><li class=\"vfb-item vfb-item-secret\"  style=\"display:block\"><label for=\"vfb-835\" class=\"vfb-desc\"><\/label><input type=\"hidden\" name=\"_vfb-required-secret\" value=\"0\" \/><input type=\"hidden\" name=\"_vfb-secret\" value=\"vfb-835\" \/><input type=\"text\" name=\"vfb-835\" id=\"vfb-835\" value=\"\" class=\"vfb-text  vfb-medium  {digits:true,maxlength:2,minlength:2} \" style=\"display:block\" \/><li style=\"display:none;\"><label>Cette bo\u00eete est pour la protection contre le spam - <strong>Veuillez laisser en blanc<\/strong>:<\/label><div><input name=\"vfb-spam\" \/><\/div><\/li>\n\t\t\t<li class=\"vfb-item vfb-item-submit\" id=\"item-vfb-836\">\n\t\t\t\t\t\t<input type=\"submit\" name=\"vfb-submit\" id=\"vfb-836\" value=\"Senden\" class=\"vfb-submit \" \/>\n\t\t\t\t\t\t<\/li><\/ul>\n\t\t\t<\/fieldset><input type=\"hidden\" name=\"_wp_http_referer\" value=\"\/wordpress\/index.php?rest_route=%2Fwp%2Fv2%2Fpages%2F1920\" \/><\/form><\/div> <!-- .visual-form-builder-container -->\n","protected":false},"excerpt":{"rendered":"<p>Daten:&nbsp;03. &#8211; 05. September 2021 Zeiten: Morgens &nbsp; &nbsp; &nbsp; &nbsp; 08.45&nbsp; &#8211;&nbsp; 12.15 Nachmittags&nbsp; 13.30&nbsp; &#8211;&nbsp; 17.30 Attestierte Weiterbildungsstunden:<\/p>\n","protected":false},"author":1,"featured_media":0,"parent":0,"menu_order":0,"comment_status":"closed","ping_status":"closed","template":"","meta":[],"_links":{"self":[{"href":"http:\/\/ap-vf-lmo.ch\/wordpress\/index.php?rest_route=\/wp\/v2\/pages\/1920"}],"collection":[{"href":"http:\/\/ap-vf-lmo.ch\/wordpress\/index.php?rest_route=\/wp\/v2\/pages"}],"about":[{"href":"http:\/\/ap-vf-lmo.ch\/wordpress\/index.php?rest_route=\/wp\/v2\/types\/page"}],"author":[{"embeddable":true,"href":"http:\/\/ap-vf-lmo.ch\/wordpress\/index.php?rest_route=\/wp\/v2\/users\/1"}],"replies":[{"embeddable":true,"href":"http:\/\/ap-vf-lmo.ch\/wordpress\/index.php?rest_route=%2Fwp%2Fv2%2Fcomments&post=1920"}],"version-history":[{"count":12,"href":"http:\/\/ap-vf-lmo.ch\/wordpress\/index.php?rest_route=\/wp\/v2\/pages\/1920\/revisions"}],"predecessor-version":[{"id":2308,"href":"http:\/\/ap-vf-lmo.ch\/wordpress\/index.php?rest_route=\/wp\/v2\/pages\/1920\/revisions\/2308"}],"wp:attachment":[{"href":"http:\/\/ap-vf-lmo.ch\/wordpress\/index.php?rest_route=%2Fwp%2Fv2%2Fmedia&parent=1920"}],"curies":[{"name":"wp","href":"https:\/\/api.w.org\/{rel}","templated":true}]}}