{"id":828,"date":"2017-11-12T20:18:02","date_gmt":"2017-11-12T20:18:02","guid":{"rendered":"http:\/\/ap-vf-lmo.ch\/wordpress\/?page_id=828"},"modified":"2023-05-26T20:35:39","modified_gmt":"2023-05-26T20:35:39","slug":"ausbildungen","status":"publish","type":"page","link":"http:\/\/ap-vf-lmo.ch\/wordpress\/?page_id=828&lang=de","title":{"rendered":"Ausbildungssystem"},"content":{"rendered":"\n<p><strong>Die&nbsp;Basiskurse<\/strong><\/p>\n\n\n\n<p>LMO 1 Einf\u00fchrung. Das Konzept des LMO appliziert an Wirbels\u00e4ule, Thorax und Extremit\u00e4ten<\/p>\n\n\n\n<p>LMO 2 Das oss\u00e4re System<\/p>\n\n\n\n<p>LMO 3 Einheit des Craniums<\/p>\n\n\n\n<p>LMO 4 Das viszerale System<\/p>\n\n\n\n<p>LMO 5 Das kardio-vaskul\u00e4re System<\/p>\n\n\n\n<p>LMO 6 Das Nervensystem<\/p>\n\n\n\n<p>Zulassung zu den Basiskursen LMO 2 &#8211; 6 bedingen den Einf\u00fchrungskurs LMO 1, sofern nichts anderes kommuniziert ist.&nbsp;<\/p>\n\n\n\n<p>Die Teilnahme an den eint\u00e4gigen Wiederholungskurse der Basiskurse LMO 1 &#8211; 6, k\u00f6nnen all diejenigen besuchen, die je mindestens LMO 1 plus den entsprechenden Basiskurs besucht haben. Bsp.: zum Besuch des Wiederholungskurses 4 ist der Kurs LMO 1 plus LMO 4 n\u00f6tig.<\/p>\n\n\n\n<p>Gewisse Masterkurse sind nur offen f\u00fcr Osteopathen, die die Basiskurse LMO 1 &#8211; 6 in ihrer Gesamtheit oder mindestens den Einf\u00fchrungskurs plus den entsprechenden Basiskurs besucht haben. Bsp. Masterkurs Arterien bedingt mindestens LMO1 plus LMO Basiskurs Arterien.<\/p>\n\n\n\n<p><\/p>\n","protected":false},"excerpt":{"rendered":"<p>Die&nbsp;Basiskurse LMO 1 Einf\u00fchrung. Das Konzept des LMO appliziert an Wirbels\u00e4ule, Thorax und Extremit\u00e4ten LMO 2 Das oss\u00e4re System LMO<\/p>\n","protected":false},"author":1,"featured_media":0,"parent":0,"menu_order":0,"comment_status":"closed","ping_status":"closed","template":"","meta":[],"_links":{"self":[{"href":"http:\/\/ap-vf-lmo.ch\/wordpress\/index.php?rest_route=\/wp\/v2\/pages\/828"}],"collection":[{"href":"http:\/\/ap-vf-lmo.ch\/wordpress\/index.php?rest_route=\/wp\/v2\/pages"}],"about":[{"href":"http:\/\/ap-vf-lmo.ch\/wordpress\/index.php?rest_route=\/wp\/v2\/types\/page"}],"author":[{"embeddable":true,"href":"http:\/\/ap-vf-lmo.ch\/wordpress\/index.php?rest_route=\/wp\/v2\/users\/1"}],"replies":[{"embeddable":true,"href":"http:\/\/ap-vf-lmo.ch\/wordpress\/index.php?rest_route=%2Fwp%2Fv2%2Fcomments&post=828"}],"version-history":[{"count":7,"href":"http:\/\/ap-vf-lmo.ch\/wordpress\/index.php?rest_route=\/wp\/v2\/pages\/828\/revisions"}],"predecessor-version":[{"id":2528,"href":"http:\/\/ap-vf-lmo.ch\/wordpress\/index.php?rest_route=\/wp\/v2\/pages\/828\/revisions\/2528"}],"wp:attachment":[{"href":"http:\/\/ap-vf-lmo.ch\/wordpress\/index.php?rest_route=%2Fwp%2Fv2%2Fmedia&parent=828"}],"curies":[{"name":"wp","href":"https:\/\/api.w.org\/{rel}","templated":true}]}}