{"id":1751,"date":"2020-09-24T11:24:20","date_gmt":"2020-09-24T11:24:20","guid":{"rendered":"http:\/\/ap-vf-lmo.ch\/wordpress\/?page_id=1751"},"modified":"2020-09-24T12:11:39","modified_gmt":"2020-09-24T12:11:39","slug":"plan-de-protection","status":"publish","type":"page","link":"https:\/\/ap-vf-lmo.ch\/wordpress\/?page_id=1751&lang=de","title":{"rendered":"Schutzkonzept"},"content":{"rendered":"\n<p><strong>Hygiene der H\u00e4nde<\/strong><\/p>\n\n\n\n<div class=\"wp-block-media-text alignwide\" style=\"grid-template-columns:15% auto\"><figure class=\"wp-block-media-text__media\"><img loading=\"lazy\" width=\"173\" height=\"181\" src=\"http:\/\/ap-vf-lmo.ch\/wordpress\/wp-content\/uploads\/2020\/09\/images-1.png\" alt=\"\" class=\"wp-image-1727\"\/><\/figure><div class=\"wp-block-media-text__content\">\n<pre class=\"wp-block-preformatted\">Bei der Ankunft in den Kursr\u00e4umen sind die H\u00e4nde mit Seife zu waschen. Ebenso bei jedem Ortswechsel und h\u00e4ufig w\u00e4hrend des Tages.<\/pre>\n<\/div><\/div>\n\n\n\n<div class=\"wp-block-media-text alignwide\" style=\"grid-template-columns:15% auto\"><figure class=\"wp-block-media-text__media\"><img loading=\"lazy\" width=\"224\" height=\"225\" src=\"http:\/\/ap-vf-lmo.ch\/wordpress\/wp-content\/uploads\/2020\/09\/Unknown.png\" alt=\"\" class=\"wp-image-1731\" srcset=\"https:\/\/ap-vf-lmo.ch\/wordpress\/wp-content\/uploads\/2020\/09\/Unknown.png 224w, https:\/\/ap-vf-lmo.ch\/wordpress\/wp-content\/uploads\/2020\/09\/Unknown-150x150.png 150w\" sizes=\"(max-width: 224px) 100vw, 224px\" \/><\/figure><div class=\"wp-block-media-text__content\">\n<pre class=\"wp-block-preformatted\">Der Kursveranstalter stellt vor dem Kursraum und im Saal H\u00e4ndedesinfektionsmittel zur Verf\u00fcgung.<\/pre>\n<\/div><\/div>\n\n\n\n<p><strong>Therapieliegen<\/strong><\/p>\n\n\n\n<div class=\"wp-block-media-text alignwide\" style=\"grid-template-columns:15% auto\"><figure class=\"wp-block-media-text__media\"><img loading=\"lazy\" width=\"225\" height=\"225\" src=\"http:\/\/ap-vf-lmo.ch\/wordpress\/wp-content\/uploads\/2020\/09\/images.jpeg\" alt=\"\" class=\"wp-image-1732\" srcset=\"https:\/\/ap-vf-lmo.ch\/wordpress\/wp-content\/uploads\/2020\/09\/images.jpeg 225w, https:\/\/ap-vf-lmo.ch\/wordpress\/wp-content\/uploads\/2020\/09\/images-150x150.jpeg 150w\" sizes=\"(max-width: 225px) 100vw, 225px\" \/><\/figure><div class=\"wp-block-media-text__content\">\n<pre class=\"wp-block-preformatted\">Die Teilnehmer bringen jeden Tag ein frisches Tuch mit, um die Tische abzudecken. W\u00e4rmedecken k\u00f6nnen nicht zur Verf\u00fcgung gestellt werden.<\/pre>\n<\/div><\/div>\n\n\n\n<p><strong>Masken<\/strong><\/p>\n\n\n\n<div class=\"wp-block-media-text alignwide\" style=\"grid-template-columns:15% auto\"><figure class=\"wp-block-media-text__media\"><img loading=\"lazy\" width=\"173\" height=\"181\" src=\"http:\/\/ap-vf-lmo.ch\/wordpress\/wp-content\/uploads\/2020\/09\/images.png\" alt=\"\" class=\"wp-image-1729\"\/><\/figure><div class=\"wp-block-media-text__content\">\n<pre class=\"wp-block-preformatted\">Die Lehrkr\u00e4fte und die Teilnehmer verpflichten sich, in den Kursr\u00e4umen Masken zu tragen. Jedes bringt seine eigene Maske mit.\u00a0<\/pre>\n\n\n\n<pre class=\"wp-block-preformatted\">Falls erforderlich, werden Masken vom Veranstalter zur Verf\u00fcgung gestellt.<\/pre>\n<\/div><\/div>\n\n\n\n<p><strong>Distanz<\/strong><\/p>\n\n\n\n<div class=\"wp-block-media-text alignwide\" style=\"grid-template-columns:15% auto\"><figure class=\"wp-block-media-text__media\"><img loading=\"lazy\" width=\"219\" height=\"230\" src=\"http:\/\/ap-vf-lmo.ch\/wordpress\/wp-content\/uploads\/2020\/09\/Unknown-1.png\" alt=\"\" class=\"wp-image-1733\"\/><\/figure><div class=\"wp-block-media-text__content\">\n<pre class=\"wp-block-preformatted\">Soweit m\u00f6glich wird ein Abstand von 1m 50cm zwischen den Teilnehmern eingehalten. F\u00fcr die praktischen Workshops bleiben die zu Beginn gebildeten Paare w\u00e4hrend der gesamten Ausbildung zusammen.<\/pre>\n<\/div><\/div>\n\n\n\n<p><strong>Reinigung, Bel\u00fcftung<\/strong><\/p>\n\n\n\n<div class=\"wp-block-media-text alignwide\" style=\"grid-template-columns:15% auto\"><figure class=\"wp-block-media-text__media\"><img loading=\"lazy\" width=\"224\" height=\"224\" src=\"http:\/\/ap-vf-lmo.ch\/wordpress\/wp-content\/uploads\/2020\/09\/images-2.png\" alt=\"\" class=\"wp-image-1728\" srcset=\"https:\/\/ap-vf-lmo.ch\/wordpress\/wp-content\/uploads\/2020\/09\/images-2.png 224w, https:\/\/ap-vf-lmo.ch\/wordpress\/wp-content\/uploads\/2020\/09\/images-2-150x150.png 150w\" sizes=\"(max-width: 224px) 100vw, 224px\" \/><\/figure><div class=\"wp-block-media-text__content\">\n<pre class=\"wp-block-preformatted\">Der Kursveranstalter stellt Material f\u00fcr die Tischdesinfektion zur Verf\u00fcgung.<\/pre>\n\n\n\n<pre class=\"wp-block-preformatted\">In den Pausen werden die R\u00e4ume gel\u00fcftet.\u00a0<\/pre>\n<\/div><\/div>\n\n\n\n<p><strong>Krankheit<\/strong><\/p>\n\n\n\n<div class=\"wp-block-media-text alignwide\" style=\"grid-template-columns:15% auto\"><figure class=\"wp-block-media-text__media\"><img loading=\"lazy\" width=\"220\" height=\"220\" src=\"http:\/\/ap-vf-lmo.ch\/wordpress\/wp-content\/uploads\/2020\/09\/csm_Fievre_a68fe98d75.png\" alt=\"\" class=\"wp-image-1730\" srcset=\"https:\/\/ap-vf-lmo.ch\/wordpress\/wp-content\/uploads\/2020\/09\/csm_Fievre_a68fe98d75.png 220w, https:\/\/ap-vf-lmo.ch\/wordpress\/wp-content\/uploads\/2020\/09\/csm_Fievre_a68fe98d75-150x150.png 150w\" sizes=\"(max-width: 220px) 100vw, 220px\" \/><\/figure><div class=\"wp-block-media-text__content\">\n<pre class=\"wp-block-preformatted\">Bleiben Sie zu Hause, wenn Sie Symptome (auch leichte) von COVID-19 haben, wenn Sie mit jemand in Kontakt gekommen sind, der positiv auf COVID-19 getestet wurde, oder wenn Sie selber vor weniger als 11 Tagen positiv getestet wurden.\u00a0<\/pre>\n<\/div><\/div>\n","protected":false},"excerpt":{"rendered":"<p>Hygiene der H\u00e4nde Bei der Ankunft in den Kursr\u00e4umen sind die H\u00e4nde mit Seife zu waschen. Ebenso bei jedem Ortswechsel<\/p>\n","protected":false},"author":1,"featured_media":0,"parent":0,"menu_order":0,"comment_status":"closed","ping_status":"closed","template":"","meta":[],"_links":{"self":[{"href":"https:\/\/ap-vf-lmo.ch\/wordpress\/index.php?rest_route=\/wp\/v2\/pages\/1751"}],"collection":[{"href":"https:\/\/ap-vf-lmo.ch\/wordpress\/index.php?rest_route=\/wp\/v2\/pages"}],"about":[{"href":"https:\/\/ap-vf-lmo.ch\/wordpress\/index.php?rest_route=\/wp\/v2\/types\/page"}],"author":[{"embeddable":true,"href":"https:\/\/ap-vf-lmo.ch\/wordpress\/index.php?rest_route=\/wp\/v2\/users\/1"}],"replies":[{"embeddable":true,"href":"https:\/\/ap-vf-lmo.ch\/wordpress\/index.php?rest_route=%2Fwp%2Fv2%2Fcomments&post=1751"}],"version-history":[{"count":5,"href":"https:\/\/ap-vf-lmo.ch\/wordpress\/index.php?rest_route=\/wp\/v2\/pages\/1751\/revisions"}],"predecessor-version":[{"id":1762,"href":"https:\/\/ap-vf-lmo.ch\/wordpress\/index.php?rest_route=\/wp\/v2\/pages\/1751\/revisions\/1762"}],"wp:attachment":[{"href":"https:\/\/ap-vf-lmo.ch\/wordpress\/index.php?rest_route=%2Fwp%2Fv2%2Fmedia&parent=1751"}],"curies":[{"name":"wp","href":"https:\/\/api.w.org\/{rel}","templated":true}]}}

<p><strong>Hygiene der Hände</strong></p>



<div class="wp-block-media-text alignwide" style="grid-template-columns:15% auto"><figure class="wp-block-media-text__media"><img loading="lazy" width="173" height="181" src="http://ap-vf-lmo.ch/wordpress/wp-content/uploads/2020/09/images-1.png" alt="" class="wp-image-1727"/></figure><div class="wp-block-media-text__content">
<pre class="wp-block-preformatted">Bei der Ankunft in den Kursräumen sind die Hände mit Seife zu waschen. Ebenso bei jedem Ortswechsel und häufig während des Tages.</pre>
</div></div>



<div class="wp-block-media-text alignwide" style="grid-template-columns:15% auto"><figure class="wp-block-media-text__media"><img loading="lazy" width="224" height="225" src="http://ap-vf-lmo.ch/wordpress/wp-content/uploads/2020/09/Unknown.png" alt="" class="wp-image-1731" srcset="https://ap-vf-lmo.ch/wordpress/wp-content/uploads/2020/09/Unknown.png 224w, https://ap-vf-lmo.ch/wordpress/wp-content/uploads/2020/09/Unknown-150x150.png 150w" sizes="(max-width: 224px) 100vw, 224px" /></figure><div class="wp-block-media-text__content">
<pre class="wp-block-preformatted">Der Kursveranstalter stellt vor dem Kursraum und im Saal Händedesinfektionsmittel zur Verfügung.</pre>
</div></div>



<p><strong>Therapieliegen</strong></p>



<div class="wp-block-media-text alignwide" style="grid-template-columns:15% auto"><figure class="wp-block-media-text__media"><img loading="lazy" width="225" height="225" src="http://ap-vf-lmo.ch/wordpress/wp-content/uploads/2020/09/images.jpeg" alt="" class="wp-image-1732" srcset="https://ap-vf-lmo.ch/wordpress/wp-content/uploads/2020/09/images.jpeg 225w, https://ap-vf-lmo.ch/wordpress/wp-content/uploads/2020/09/images-150x150.jpeg 150w" sizes="(max-width: 225px) 100vw, 225px" /></figure><div class="wp-block-media-text__content">
<pre class="wp-block-preformatted">Die Teilnehmer bringen jeden Tag ein frisches Tuch mit, um die Tische abzudecken. Wärmedecken können nicht zur Verfügung gestellt werden.</pre>
</div></div>



<p><strong>Masken</strong></p>



<div class="wp-block-media-text alignwide" style="grid-template-columns:15% auto"><figure class="wp-block-media-text__media"><img loading="lazy" width="173" height="181" src="http://ap-vf-lmo.ch/wordpress/wp-content/uploads/2020/09/images.png" alt="" class="wp-image-1729"/></figure><div class="wp-block-media-text__content">
<pre class="wp-block-preformatted">Die Lehrkräfte und die Teilnehmer verpflichten sich, in den Kursräumen Masken zu tragen. Jedes bringt seine eigene Maske mit. </pre>



<pre class="wp-block-preformatted">Falls erforderlich, werden Masken vom Veranstalter zur Verfügung gestellt.</pre>
</div></div>



<p><strong>Distanz</strong></p>



<div class="wp-block-media-text alignwide" style="grid-template-columns:15% auto"><figure class="wp-block-media-text__media"><img loading="lazy" width="219" height="230" src="http://ap-vf-lmo.ch/wordpress/wp-content/uploads/2020/09/Unknown-1.png" alt="" class="wp-image-1733"/></figure><div class="wp-block-media-text__content">
<pre class="wp-block-preformatted">Soweit möglich wird ein Abstand von 1m 50cm zwischen den Teilnehmern eingehalten. Für die praktischen Workshops bleiben die zu Beginn gebildeten Paare während der gesamten Ausbildung zusammen.</pre>
</div></div>



<p><strong>Reinigung, Belüftung</strong></p>



<div class="wp-block-media-text alignwide" style="grid-template-columns:15% auto"><figure class="wp-block-media-text__media"><img loading="lazy" width="224" height="224" src="http://ap-vf-lmo.ch/wordpress/wp-content/uploads/2020/09/images-2.png" alt="" class="wp-image-1728" srcset="https://ap-vf-lmo.ch/wordpress/wp-content/uploads/2020/09/images-2.png 224w, https://ap-vf-lmo.ch/wordpress/wp-content/uploads/2020/09/images-2-150x150.png 150w" sizes="(max-width: 224px) 100vw, 224px" /></figure><div class="wp-block-media-text__content">
<pre class="wp-block-preformatted">Der Kursveranstalter stellt Material für die Tischdesinfektion zur Verfügung.</pre>



<pre class="wp-block-preformatted">In den Pausen werden die Räume gelüftet. </pre>
</div></div>



<p><strong>Krankheit</strong></p>



<div class="wp-block-media-text alignwide" style="grid-template-columns:15% auto"><figure class="wp-block-media-text__media"><img loading="lazy" width="220" height="220" src="http://ap-vf-lmo.ch/wordpress/wp-content/uploads/2020/09/csm_Fievre_a68fe98d75.png" alt="" class="wp-image-1730" srcset="https://ap-vf-lmo.ch/wordpress/wp-content/uploads/2020/09/csm_Fievre_a68fe98d75.png 220w, https://ap-vf-lmo.ch/wordpress/wp-content/uploads/2020/09/csm_Fievre_a68fe98d75-150x150.png 150w" sizes="(max-width: 220px) 100vw, 220px" /></figure><div class="wp-block-media-text__content">
<pre class="wp-block-preformatted">Bleiben Sie zu Hause, wenn Sie Symptome (auch leichte) von COVID-19 haben, wenn Sie mit jemand in Kontakt gekommen sind, der positiv auf COVID-19 getestet wurde, oder wenn Sie selber vor weniger als 11 Tagen positiv getestet wurden. </pre>
</div></div>

<p>Hygiene der Hände Bei der Ankunft in den Kursräumen sind die Hände mit Seife zu waschen. Ebenso bei jedem Ortswechsel</p>
