{"id":237,"date":"2016-03-25T11:19:32","date_gmt":"2016-03-25T11:19:32","guid":{"rendered":"http:\/\/ap-vf-lmo.ch\/wordpress\/?page_id=237"},"modified":"2021-02-14T16:22:27","modified_gmt":"2021-02-14T16:22:27","slug":"prasentation-des-lmo","status":"publish","type":"page","link":"https:\/\/ap-vf-lmo.ch\/wordpress\/?page_id=237&lang=de","title":{"rendered":"Was ist LMO?"},"content":{"rendered":"<p><strong>Was ist <a href=\"https:\/\/lmosteo.com\/de\/was-ist-lmo\">Lien M\u00e9chanique Ost\u00e9opathique<\/a> (LMO)?<\/strong><\/p>\n<p>Lien M\u00e9chanique Ost\u00e9opathique (LMO) von Paul Chauffour ist eine einzigartige osteopathische Methode, welche in \u00fcber 30 Jahren Forschung und klinischer Erfahrung vornehmlich in Frankreich entwickelt wurde. Die Konzepte des Gr\u00fcnders der Osteopathie, A.T. Still, wurden vertieft, um eine moderne und effiziente Praktik zu erreichen. Dank der Zusammenarbeit von einem Team aus franz\u00f6sischen und internationalen Osteopathen, wird Lien M\u00e9chanique Ost\u00e9opathique heute in zahlreichen L\u00e4ndern gelehrt und praktiziert.<\/p>\n<p>Die Methode des Lien M\u00e9canique ist eine globale osteopathische Vorgehensweise, die den gesamten menschlichen K\u00f6rper miteinbezieht und es erlaubt, das allgemeine funktionelle Gleichgewicht des Patienten wieder herzustellen, unabh\u00e4ngig von den Gr\u00fcnden einer Konsultation und unabh\u00e4ngig vom Alter des Patienten.<\/p>\n<p><strong>Die osteopathische L\u00e4sion<\/strong><\/p>\n<p>Die osteopathische L\u00e4sion kann als Einschr\u00e4nkung der Beweglichkeit oder der Elastizit\u00e4t eines Gewebes definiert werden. Ein anormaler Widerstand oder die Blockierung einer Struktur, die durch den Osteopathen wahrgenommen wird, indem er die Struktur unter Spannung setzt. Es kann sich bei der Struktur um ein Gelenk, einen Muskel oder ein Ligament handeln, aber auch um einen Nerv, eine Arterie, ein Organ, einen Knochen oder auch um die Haut.<\/p>\n<p><strong>Welches sind die Prinzipien des LMO?<\/strong><\/p>\n<p>Der Osteopath beginnt mit der R\u00fcckverfolgung des l\u00e4sionalen Schemas des Patienten durch die aufmerksame und ganzheitliche Untersuchung des ganzen K\u00f6rpers. Mit Tests, die aus sanfter Aus\u00fcbung von Druck oder Zug bestehen, kann der Osteopath die verschiedenen Gewebefixierungen finden, um dann diejenigen hervorzuheben und zu behandeln, die mit dem Problem des Patienten in Verbindung stehen. Dies tut er, indem er die wahrgenommenen Blockierungen durch Inhibitionstests in eine Hierarchie stellt und danach nach deren Wichtigkeit behandelt.<\/p>\n<p>Die Korrektur der zu behandelnden osteopathischen L\u00e4sionen geschieht durch den Recoil, eine einfache, komfortable und effektive Standardtechnik der Osteopathie, die ausserdem risikofrei f\u00fcr den Patienten ist.<\/p>\n<p><strong>Die\u00a0Module der Grundausbildung<\/strong><\/p>\n<p>LMO 1 Das Konzept des LMO appliziert an Wirbels\u00e4ule, Thorax und Extremit\u00e4ten<\/p>\n<p>LMO 2 Das oss\u00e4re System<\/p>\n<p>LMO 3 Einheit des Craniums<\/p>\n<p>LMO 4 Das viszerale System<\/p>\n<p>LMO 5 Das kardio-vaskul\u00e4re System<\/p>\n<p>LMO 6 Das Nervensystem<\/p>\n","protected":false},"excerpt":{"rendered":"<p>Was ist Lien M\u00e9chanique Ost\u00e9opathique (LMO)? Lien M\u00e9chanique Ost\u00e9opathique (LMO) von Paul Chauffour ist eine einzigartige osteopathische Methode, welche in<\/p>\n","protected":false},"author":1,"featured_media":0,"parent":0,"menu_order":0,"comment_status":"closed","ping_status":"closed","template":"","meta":[],"_links":{"self":[{"href":"https:\/\/ap-vf-lmo.ch\/wordpress\/index.php?rest_route=\/wp\/v2\/pages\/237"}],"collection":[{"href":"https:\/\/ap-vf-lmo.ch\/wordpress\/index.php?rest_route=\/wp\/v2\/pages"}],"about":[{"href":"https:\/\/ap-vf-lmo.ch\/wordpress\/index.php?rest_route=\/wp\/v2\/types\/page"}],"author":[{"embeddable":true,"href":"https:\/\/ap-vf-lmo.ch\/wordpress\/index.php?rest_route=\/wp\/v2\/users\/1"}],"replies":[{"embeddable":true,"href":"https:\/\/ap-vf-lmo.ch\/wordpress\/index.php?rest_route=%2Fwp%2Fv2%2Fcomments&post=237"}],"version-history":[{"count":6,"href":"https:\/\/ap-vf-lmo.ch\/wordpress\/index.php?rest_route=\/wp\/v2\/pages\/237\/revisions"}],"predecessor-version":[{"id":2006,"href":"https:\/\/ap-vf-lmo.ch\/wordpress\/index.php?rest_route=\/wp\/v2\/pages\/237\/revisions\/2006"}],"wp:attachment":[{"href":"https:\/\/ap-vf-lmo.ch\/wordpress\/index.php?rest_route=%2Fwp%2Fv2%2Fmedia&parent=237"}],"curies":[{"name":"wp","href":"https:\/\/api.w.org\/{rel}","templated":true}]}}