{"id":2609,"date":"2024-01-26T21:13:13","date_gmt":"2024-01-26T21:13:13","guid":{"rendered":"https:\/\/ap-vf-lmo.ch\/wordpress\/?page_id=2609"},"modified":"2024-12-29T22:10:53","modified_gmt":"2024-12-29T22:10:53","slug":"safe-the-dates-2024-2","status":"publish","type":"page","link":"https:\/\/ap-vf-lmo.ch\/wordpress\/?page_id=2609&lang=fr","title":{"rendered":"Safe the dates 2025"},"content":{"rendered":"\n<h2><\/h2>\n\n\n\n<ul><li>28 \u2013 29 &#8211; 30&nbsp;mars 2025, lieu \u00e0 d\u00e9finir,&nbsp;<strong>LMO 4<\/strong>&nbsp;avec Olivier Samson (L&rsquo;annonce suivra asap)<\/li><\/ul>\n\n\n\n<ul><li>26\/27 avril 2025, Thun Gwatt, im Schoren 4,&nbsp;<strong>R\u00e9vision: LMO 3 + 4<\/strong>, Lionel Fleury et Karin Locher<\/li><\/ul>\n\n\n\n<ul><li>07 \u2013 08 &#8211; 09 novembre 2025, Villars sur Gl\u00e2ne,&nbsp;<strong>LMO 6<\/strong>&nbsp;avec Nicolas Caen<\/li><\/ul>\n\n\n\n<ul><li>17\/18 janvier 2026 Thun Gwatt, im Schoren 4,&nbsp;<strong>R\u00e9vision: LMO 1 \u2013 6,<\/strong> Lionel Fleury et Karin Locher (L&rsquo;annonce suivra asap)<\/li><\/ul>\n\n\n\n<h2><br>En dehors de la s\u00e9rie de cours de base LMO :<\/h2>\n\n\n\n<ul><li>26 \u2013 30 mai 2025 S\u00e9minaire LMO international \u00e0 Rome. Annonce <a href=\"https:\/\/lmosteo.com\">ici<\/a> chez LMO France\/International<\/li><\/ul>\n\n\n\n<ul><li>La Dynamique Eau\u2019st\u00e9opathique, L\u2019eau en lien avec le SNA, Jacques Michaud, 29-31 ao\u00fbt 2025, organis\u00e9 par SAGOM \u00e0 Zurich<\/li><\/ul>\n\n\n\n<p><\/p>\n","protected":false},"excerpt":{"rendered":"<p>28 \u2013 29 &#8211; 30&nbsp;mars 2025, lieu \u00e0 d\u00e9finir,&nbsp;LMO 4&nbsp;avec Olivier Samson (L&rsquo;annonce suivra asap) 26\/27 avril 2025, Thun Gwatt,<\/p>\n","protected":false},"author":1,"featured_media":0,"parent":0,"menu_order":0,"comment_status":"closed","ping_status":"closed","template":"","meta":[],"_links":{"self":[{"href":"https:\/\/ap-vf-lmo.ch\/wordpress\/index.php?rest_route=\/wp\/v2\/pages\/2609"}],"collection":[{"href":"https:\/\/ap-vf-lmo.ch\/wordpress\/index.php?rest_route=\/wp\/v2\/pages"}],"about":[{"href":"https:\/\/ap-vf-lmo.ch\/wordpress\/index.php?rest_route=\/wp\/v2\/types\/page"}],"author":[{"embeddable":true,"href":"https:\/\/ap-vf-lmo.ch\/wordpress\/index.php?rest_route=\/wp\/v2\/users\/1"}],"replies":[{"embeddable":true,"href":"https:\/\/ap-vf-lmo.ch\/wordpress\/index.php?rest_route=%2Fwp%2Fv2%2Fcomments&post=2609"}],"version-history":[{"count":10,"href":"https:\/\/ap-vf-lmo.ch\/wordpress\/index.php?rest_route=\/wp\/v2\/pages\/2609\/revisions"}],"predecessor-version":[{"id":3009,"href":"https:\/\/ap-vf-lmo.ch\/wordpress\/index.php?rest_route=\/wp\/v2\/pages\/2609\/revisions\/3009"}],"wp:attachment":[{"href":"https:\/\/ap-vf-lmo.ch\/wordpress\/index.php?rest_route=%2Fwp%2Fv2%2Fmedia&parent=2609"}],"curies":[{"name":"wp","href":"https:\/\/api.w.org\/{rel}","templated":true}]}}