{"id":745,"date":"2017-11-01T16:51:58","date_gmt":"2017-11-01T16:51:58","guid":{"rendered":"http:\/\/ap-vf-lmo.ch\/wordpress\/?page_id=745"},"modified":"2021-02-15T19:25:35","modified_gmt":"2021-02-15T19:25:35","slug":"masterclass","status":"publish","type":"page","link":"https:\/\/ap-vf-lmo.ch\/wordpress\/?page_id=745&lang=fr","title":{"rendered":"Masterclass"},"content":{"rendered":"<p>Pour les ost\u00e9opathes qui ont suivi l\u2019ensemble de la formation de ces 6 LMO, sont organis\u00e9s, une \u00e0 deux fois par an, des<strong> Masterclass <\/strong>de trois jours, durant lesquels leur sont pr\u00e9sent\u00e9s, non seulement, des <strong>tests avanc\u00e9s<\/strong> qui affineront leur examen du patient, mais \u00e9galement, les derni\u00e8res recherches qui ont \u00e9t\u00e9 men\u00e9es dans le cadre du LMO.<\/p>\n<p>Actuellement, sont programm\u00e9s, dans la formation du LMO, quatre Masterclass<\/p>\n<ul>\n<li>Le <a href=\"https:\/\/lmosteo.com\/master-1-systeme-osteo-articulaire\">Masterclass 1<\/a> intitul\u00e9 \u00ab\u00a0Le syst\u00e8me ost\u00e9o-articulaire\u00a0\u00bb<\/li>\n<li>Le <a href=\"https:\/\/lmosteo.com\/master-2-systeme-visceral-et-systeme-vasculaire\">Masterclass 2<\/a> intitul\u00e9 \u00ab\u00a0Le syst\u00e8me visc\u00e9ral et le syst\u00e8me vasculaire\u00a0\u00bb<\/li>\n<li>Le <a href=\"https:\/\/lmosteo.com\/master-3-systeme-nerveux-peripherique-et-central\">Masterclass 3<\/a> intitul\u00e9 \u00ab\u00a0Le syst\u00e8me nerveux p\u00e9riph\u00e9rique et central\u00a0\u00bb<\/li>\n<li>Le <a href=\"https:\/\/lmosteo.com\/master-4-crane-et-systeme-vestibulaire\">Masterclass 4<\/a> intitul\u00e9 \u00ab\u00a0Le cr\u00e2ne et le syst\u00e8me vestibulaire\u00a0\u00bb<\/li>\n<\/ul>\n<p><u>Pour conna\u00eetre les dates et les lieux des 6 LMO et des Masterclass, consulter <a href=\"https:\/\/lmosteo.com\/agenda-des-formations\">www.lmoweb.com<\/a><\/u><\/p>\n","protected":false},"excerpt":{"rendered":"<p>Pour les ost\u00e9opathes qui ont suivi l\u2019ensemble de la formation de ces 6 LMO, sont organis\u00e9s, une \u00e0 deux fois<\/p>\n","protected":false},"author":1,"featured_media":0,"parent":0,"menu_order":0,"comment_status":"closed","ping_status":"closed","template":"","meta":[],"_links":{"self":[{"href":"https:\/\/ap-vf-lmo.ch\/wordpress\/index.php?rest_route=\/wp\/v2\/pages\/745"}],"collection":[{"href":"https:\/\/ap-vf-lmo.ch\/wordpress\/index.php?rest_route=\/wp\/v2\/pages"}],"about":[{"href":"https:\/\/ap-vf-lmo.ch\/wordpress\/index.php?rest_route=\/wp\/v2\/types\/page"}],"author":[{"embeddable":true,"href":"https:\/\/ap-vf-lmo.ch\/wordpress\/index.php?rest_route=\/wp\/v2\/users\/1"}],"replies":[{"embeddable":true,"href":"https:\/\/ap-vf-lmo.ch\/wordpress\/index.php?rest_route=%2Fwp%2Fv2%2Fcomments&post=745"}],"version-history":[{"count":11,"href":"https:\/\/ap-vf-lmo.ch\/wordpress\/index.php?rest_route=\/wp\/v2\/pages\/745\/revisions"}],"predecessor-version":[{"id":2028,"href":"https:\/\/ap-vf-lmo.ch\/wordpress\/index.php?rest_route=\/wp\/v2\/pages\/745\/revisions\/2028"}],"wp:attachment":[{"href":"https:\/\/ap-vf-lmo.ch\/wordpress\/index.php?rest_route=%2Fwp%2Fv2%2Fmedia&parent=745"}],"curies":[{"name":"wp","href":"https:\/\/api.w.org\/{rel}","templated":true}]}}

<p>Pour les ostéopathes qui ont suivi l’ensemble de la formation de ces 6 LMO, sont organisés, une à deux fois par an, des<strong> Masterclass </strong>de trois jours, durant lesquels leur sont présentés, non seulement, des <strong>tests avancés</strong> qui affineront leur examen du patient, mais également, les dernières recherches qui ont été menées dans le cadre du LMO.</p>
<p>Actuellement, sont programmés, dans la formation du LMO, quatre Masterclass</p>
<ul>
<li>Le <a href="https://lmosteo.com/master-1-systeme-osteo-articulaire">Masterclass 1</a> intitulé « Le système ostéo-articulaire »</li>
<li>Le <a href="https://lmosteo.com/master-2-systeme-visceral-et-systeme-vasculaire">Masterclass 2</a> intitulé « Le système viscéral et le système vasculaire »</li>
<li>Le <a href="https://lmosteo.com/master-3-systeme-nerveux-peripherique-et-central">Masterclass 3</a> intitulé « Le système nerveux périphérique et central »</li>
<li>Le <a href="https://lmosteo.com/master-4-crane-et-systeme-vestibulaire">Masterclass 4</a> intitulé « Le crâne et le système vestibulaire »</li>
</ul>
<p><u>Pour connaître les dates et les lieux des 6 LMO et des Masterclass, consulter <a href="https://lmosteo.com/agenda-des-formations">www.lmoweb.com</a></u></p>

<p>Pour les ostéopathes qui ont suivi l’ensemble de la formation de ces 6 LMO, sont organisés, une à deux fois</p>
