{"id":802,"date":"2017-11-05T17:00:05","date_gmt":"2017-11-05T17:00:05","guid":{"rendered":"http:\/\/ap-vf-lmo.ch\/wordpress\/?page_id=802"},"modified":"2026-02-13T21:03:39","modified_gmt":"2026-02-13T21:03:39","slug":"membres","status":"publish","type":"page","link":"https:\/\/ap-vf-lmo.ch\/wordpress\/?page_id=802&lang=fr","title":{"rendered":"Crit\u00e8res d\u2019admissions et droit des membres"},"content":{"rendered":"<div dir=\"auto\">Crit\u00e8res d&rsquo;admission et droits des <strong>membres actifs et des membres de soutien.<\/strong><\/div>\n<div dir=\"auto\"><\/div>\n<div dir=\"auto\"><span style=\"color: #00ccff;\"><strong><span style=\"color: #187187;\">Membres actifs :\u00a0<\/span><\/strong><\/span><strong>En payant la cotisation de 60 CHF (nouveau \u00e0 partir de 2023) :<\/strong><\/p>\n<\/div>\n<ul>\n<li>Vous \u00eates automatiquement inscrit aupr\u00e8s des associations LMO Suisse (<a href=\"https:\/\/ap-vf-lmo.ch\/wordpress\/?lang=fr\" target=\"_blank\" rel=\"noopener\">lmo-schweiz\/suisse.ch<\/a>) et LMO international (<a href=\"http:\/\/www.lmosteo.com\/\" target=\"_blank\" rel=\"noopener\">www.lmosteo.com<\/a>).<\/li>\n<li>B\u00e9n\u00e9ficiez d&rsquo;un tarif pr\u00e9f\u00e9rentiel pour les cours organis\u00e9s par LMO Suisse (<a href=\"http:\/\/(lmo-schweiz\/suisse.ch)\" target=\"_blank\" rel=\"noopener\" data-wplink-url-error=\"true\">lmo-schweiz\/suisse.ch<\/a>)<\/li>\n<li>Obtenez \u00e9galement l&rsquo;acc\u00e8s \u00e0 la plateforme Internet de LMO international. Acc\u00e8s illimit\u00e9 au portail des membres du site, avec toutes les mises \u00e0 jour des cours LMO en acc\u00e8s libre (<a href=\"http:\/\/www.lmosteo.com\/\" target=\"_blank\" rel=\"noopener\">www.lmosteo.com<\/a>).<\/li>\n<li>Soyez \u00e9galement inscrit sur la liste des praticiens LMO internationaux, visibles dans la rubrique \u00ab\u00a0Trouver un praticien\u00a0\u00bb, donnant acc\u00e8s \u00e0 une visibilit\u00e9 mondiale (<a href=\"http:\/\/www.lmosteo.com\/\" target=\"_blank\" rel=\"noopener\">www.lmosteo.com<\/a>).<\/li>\n<li>Ayez un droit de vote et d&rsquo;\u00e9ligibilit\u00e9 aux assembl\u00e9es g\u00e9n\u00e9rales ordinaires et extraordinaires et soyez \u00e9ligible au conseil d&rsquo;administration de l&rsquo;association.<\/li>\n<\/ul>\n<div dir=\"auto\"><strong>Crit\u00e8res d&rsquo;admission pour les membres actifs :<\/strong><\/div>\n<div dir=\"auto\"><\/div>\n<div dir=\"auto\">Peut \u00eatre admis comme membre actif de l&rsquo;association tout(e) ost\u00e9opathe dipl\u00f4m\u00e9(e) qui dispose d&rsquo;une reconnaissance cantonale de sant\u00e9 publique pour l&rsquo;exercice de l&rsquo;ost\u00e9opathie en premi\u00e8re intention (sont accept\u00e9s le master HES, le dipl\u00f4me Croix-Rouge, le dipl\u00f4me CDS-CDS, ou toute autre autorisation de pratiquer d\u00e9livr\u00e9e par le service du m\u00e9decin cantonal) et a termin\u00e9 la formation de base LMO (cours de base 1-6).<\/div>\n<div dir=\"auto\"><\/div>\n<div dir=\"auto\"><\/div>\n<div dir=\"auto\">Tous les ost\u00e9opathes qui ne peuvent pas remplir les crit\u00e8res des membres actifs ont la possibilit\u00e9 de s&rsquo;inscrire en tant que<\/div>\n<div dir=\"auto\"><\/div>\n<div dir=\"auto\"><span style=\"color: #187187;\"><strong>Membres de soutien :<\/strong><\/span><\/p>\n<p><strong>En payant la cotisation de 50 CHF :<\/strong><\/p>\n<\/div>\n<ul>\n<li>Vous \u00eates membre de soutien de l&rsquo;association LMO Suisse (<a href=\"https:\/\/ap-vf-lmo.ch\/wordpress\/?lang=fr\" target=\"_blank\" rel=\"noopener\">lmo-schweiz\/suisse.ch<\/a>)<\/li>\n<li>B\u00e9n\u00e9ficiez d&rsquo;un tarif pr\u00e9f\u00e9rentiel pour les cours organis\u00e9s par LMO Suisse. (<a href=\"https:\/\/ap-vf-lmo.ch\/wordpress\/?lang=fr\" target=\"_blank\" rel=\"noopener\">lmo-schweiz\/suisse.ch<\/a>)<\/li>\n<li>Pas de droit de vote, pas de droit d&rsquo;\u00e9lection au comit\u00e9 directeur.<\/li>\n<\/ul>\n<div dir=\"auto\"><strong>Crit\u00e8res d&rsquo;admission pour les membres de soutien :\u00a0<\/strong><\/div>\n<div dir=\"auto\"><\/div>\n<div dir=\"auto\">Avoir termin\u00e9 LMO 1 (cours de base no 1).<\/div>\n<div dir=\"auto\"><\/div>\n<div dir=\"auto\">_________<\/div>\n<div dir=\"auto\"><\/div>\n<div dir=\"auto\"><\/div>\n<div dir=\"auto\"><a href=\"https:\/\/ap-vf-lmo.ch\/wordpress\/?page_id=2503&amp;lang=fr\"><strong><span style=\"color: #187187;\">Inscription nouveau membres<\/span><\/strong><\/a><\/div>\n<div dir=\"auto\"><\/div>\n<div dir=\"auto\"><strong><a href=\"https:\/\/ap-vf-lmo.ch\/wordpress\/?page_id=2591&amp;lang=fr\">Inscription d\u00e9j\u00e0 membres<\/a><\/strong><\/div>\n<div dir=\"auto\"><\/div>\n<div dir=\"auto\"><\/div>\n<div dir=\"auto\"><\/div>\n<div dir=\"auto\">\n<div dir=\"auto\"><\/div>\n<\/div>\n","protected":false},"excerpt":{"rendered":"<p>Crit\u00e8res d&rsquo;admission et droits des membres actifs et des membres de soutien. Membres actifs :\u00a0En payant la cotisation de 60<\/p>\n","protected":false},"author":1,"featured_media":0,"parent":0,"menu_order":0,"comment_status":"closed","ping_status":"closed","template":"","meta":[],"_links":{"self":[{"href":"https:\/\/ap-vf-lmo.ch\/wordpress\/index.php?rest_route=\/wp\/v2\/pages\/802"}],"collection":[{"href":"https:\/\/ap-vf-lmo.ch\/wordpress\/index.php?rest_route=\/wp\/v2\/pages"}],"about":[{"href":"https:\/\/ap-vf-lmo.ch\/wordpress\/index.php?rest_route=\/wp\/v2\/types\/page"}],"author":[{"embeddable":true,"href":"https:\/\/ap-vf-lmo.ch\/wordpress\/index.php?rest_route=\/wp\/v2\/users\/1"}],"replies":[{"embeddable":true,"href":"https:\/\/ap-vf-lmo.ch\/wordpress\/index.php?rest_route=%2Fwp%2Fv2%2Fcomments&post=802"}],"version-history":[{"count":46,"href":"https:\/\/ap-vf-lmo.ch\/wordpress\/index.php?rest_route=\/wp\/v2\/pages\/802\/revisions"}],"predecessor-version":[{"id":3093,"href":"https:\/\/ap-vf-lmo.ch\/wordpress\/index.php?rest_route=\/wp\/v2\/pages\/802\/revisions\/3093"}],"wp:attachment":[{"href":"https:\/\/ap-vf-lmo.ch\/wordpress\/index.php?rest_route=%2Fwp%2Fv2%2Fmedia&parent=802"}],"curies":[{"name":"wp","href":"https:\/\/api.w.org\/{rel}","templated":true}]}}