{"id":842,"date":"2017-11-12T20:24:01","date_gmt":"2017-11-12T20:24:01","guid":{"rendered":"http:\/\/ap-vf-lmo.ch\/wordpress\/?page_id=842"},"modified":"2023-05-26T22:28:46","modified_gmt":"2023-05-26T22:28:46","slug":"assistent-werden","status":"publish","type":"page","link":"https:\/\/ap-vf-lmo.ch\/wordpress\/?page_id=842&lang=de","title":{"rendered":"Assistent werden"},"content":{"rendered":"<p>F\u00fcr Osteopath:innen, welche die gesamte Ausbildung zweimal absolviert haben und die ausschliesslich LMO praktizieren, gibt es die M\u00f6glichkeit Assistent:in zu werden. Dieser Schritt in Richtung Lehrt\u00e4tigkeit wird ihnen die M\u00f6glichkeit geben, die eigenen LMO-F\u00e4higkeiten weiter auszubauen und zu verbessern.<\/p>\n<p>Interessierte k\u00f6nnen sich mit einem oder mehreren <a href=\"https:\/\/lmosteo.com\/de\/die-dozenten\">LMO-Dozenten<\/a> in Verbindung setzen.<\/p>\n\n\n<p><\/p>\n","protected":false},"excerpt":{"rendered":"<p>F\u00fcr Osteopath:innen, welche die gesamte Ausbildung zweimal absolviert haben und die ausschliesslich LMO praktizieren, gibt es die M\u00f6glichkeit Assistent:in zu<\/p>\n","protected":false},"author":1,"featured_media":0,"parent":828,"menu_order":0,"comment_status":"closed","ping_status":"closed","template":"","meta":[],"_links":{"self":[{"href":"https:\/\/ap-vf-lmo.ch\/wordpress\/index.php?rest_route=\/wp\/v2\/pages\/842"}],"collection":[{"href":"https:\/\/ap-vf-lmo.ch\/wordpress\/index.php?rest_route=\/wp\/v2\/pages"}],"about":[{"href":"https:\/\/ap-vf-lmo.ch\/wordpress\/index.php?rest_route=\/wp\/v2\/types\/page"}],"author":[{"embeddable":true,"href":"https:\/\/ap-vf-lmo.ch\/wordpress\/index.php?rest_route=\/wp\/v2\/users\/1"}],"replies":[{"embeddable":true,"href":"https:\/\/ap-vf-lmo.ch\/wordpress\/index.php?rest_route=%2Fwp%2Fv2%2Fcomments&post=842"}],"version-history":[{"count":5,"href":"https:\/\/ap-vf-lmo.ch\/wordpress\/index.php?rest_route=\/wp\/v2\/pages\/842\/revisions"}],"predecessor-version":[{"id":2549,"href":"https:\/\/ap-vf-lmo.ch\/wordpress\/index.php?rest_route=\/wp\/v2\/pages\/842\/revisions\/2549"}],"up":[{"embeddable":true,"href":"https:\/\/ap-vf-lmo.ch\/wordpress\/index.php?rest_route=\/wp\/v2\/pages\/828"}],"wp:attachment":[{"href":"https:\/\/ap-vf-lmo.ch\/wordpress\/index.php?rest_route=%2Fwp%2Fv2%2Fmedia&parent=842"}],"curies":[{"name":"wp","href":"https:\/\/api.w.org\/{rel}","templated":true}]}}